{"id":7784,"date":"2017-02-09T17:00:45","date_gmt":"2017-02-09T16:00:45","guid":{"rendered":"http:\/\/www.ffpanimale.fr\/?page_id=7784"},"modified":"2026-01-01T16:26:25","modified_gmt":"2026-01-01T15:26:25","slug":"juridique","status":"publish","type":"page","link":"https:\/\/ffpanimale.fr\/?page_id=7784","title":{"rendered":"Espace Juridique"},"content":{"rendered":"\n<blockquote class=\"wp-block-quote is-layout-flow wp-block-quote-is-layout-flow\"><\/blockquote>\n\n\n\n<hr class=\"wp-block-separator has-alpha-channel-opacity\"\/>\n\n\n\n<div class=\"wp-block-media-text is-stacked-on-mobile\"><figure class=\"wp-block-media-text__media\"><img data-recalc-dims=\"1\" loading=\"lazy\" decoding=\"async\" width=\"683\" height=\"1024\" src=\"https:\/\/i0.wp.com\/ffpanimale.fr\/wp-content\/uploads\/2026\/01\/8a1851a2-ce31-4fe9-941d-ab97bd0f7758.jpg?resize=683%2C1024&#038;ssl=1\" alt=\"\" class=\"wp-image-14586 size-full\" srcset=\"https:\/\/i0.wp.com\/ffpanimale.fr\/wp-content\/uploads\/2026\/01\/8a1851a2-ce31-4fe9-941d-ab97bd0f7758.jpg?resize=683%2C1024&amp;ssl=1 683w, https:\/\/i0.wp.com\/ffpanimale.fr\/wp-content\/uploads\/2026\/01\/8a1851a2-ce31-4fe9-941d-ab97bd0f7758.jpg?resize=200%2C300&amp;ssl=1 200w, https:\/\/i0.wp.com\/ffpanimale.fr\/wp-content\/uploads\/2026\/01\/8a1851a2-ce31-4fe9-941d-ab97bd0f7758.jpg?resize=768%2C1152&amp;ssl=1 768w, https:\/\/i0.wp.com\/ffpanimale.fr\/wp-content\/uploads\/2026\/01\/8a1851a2-ce31-4fe9-941d-ab97bd0f7758.jpg?w=832&amp;ssl=1 832w\" sizes=\"auto, (max-width: 683px) 100vw, 683px\" \/><\/figure><div class=\"wp-block-media-text__content\">\n<blockquote class=\"wp-block-quote is-layout-flow wp-block-quote-is-layout-flow\">\n<p><strong>Vous trouverez ici les informations juridiques et relatives \u00e0 la l\u00e9gislation concernant la protection animale.<\/strong><\/p>\n<\/blockquote>\n<\/div><\/div>\n\n\n\n<hr class=\"wp-block-separator has-alpha-channel-opacity\"\/>\n\n\n\n<p class=\"has-text-align-center has-small-font-size\" style=\"line-height:1.6\"><strong><mark style=\"background-color:rgba(0, 0, 0, 0)\" class=\"has-inline-color has-primary-color\">La Protection Animale en Chiffres<\/mark><\/strong><\/p>\n\n\n\n<p class=\"has-small-font-size\" style=\"line-height:1.6\">Trop d&rsquo;animaux sont massacr\u00e9s, assassin\u00e9s, abandonn\u00e9s au nom de quoi ? du simple plaisir de l&rsquo;Homme de dominer disons stop<\/p>\n\n\n\n<div data-wp-interactive=\"core\/file\" class=\"wp-block-file\"><object data-wp-bind--hidden=\"!state.hasPdfPreview\" hidden class=\"wp-block-file__embed\" data=\"https:\/\/ffpanimale.fr\/wp-content\/uploads\/2025\/02\/FFPAnimale-La-Protection-Animale-en-Chiffres.pdf\" type=\"application\/pdf\" style=\"width:100%;height:600px\" aria-label=\"Contenu embarqu\u00e9 FFPAnimale-La-Protection-Animale-en-Chiffres.\"><\/object><a id=\"wp-block-file--media-ad661472-35ca-4d3e-980f-ff4ff5b5c255\" href=\"https:\/\/ffpanimale.fr\/wp-content\/uploads\/2025\/02\/FFPAnimale-La-Protection-Animale-en-Chiffres.pdf\">FFPAnimale-La-Protection-Animale-en-Chiffres<\/a><a href=\"https:\/\/ffpanimale.fr\/wp-content\/uploads\/2025\/02\/FFPAnimale-La-Protection-Animale-en-Chiffres.pdf\" class=\"wp-block-file__button wp-element-button\" download aria-describedby=\"wp-block-file--media-ad661472-35ca-4d3e-980f-ff4ff5b5c255\">T\u00e9l\u00e9charger<\/a><\/div>\n\n\n\n<hr class=\"wp-block-separator has-alpha-channel-opacity\"\/>\n\n\n\n<p class=\"has-text-align-center\"><strong><mark style=\"background-color:rgba(0, 0, 0, 0)\" class=\"has-inline-color has-primary-color\">D\u00e9claration Universelle des Droits de l&rsquo;Animal<\/mark><\/strong><\/p>\n\n\n\n<div data-wp-interactive=\"core\/file\" class=\"wp-block-file\"><object data-wp-bind--hidden=\"!state.hasPdfPreview\" hidden class=\"wp-block-file__embed\" data=\"https:\/\/ffpanimale.fr\/wp-content\/uploads\/2025\/02\/FFPA-Declaration-Universelle-des-Droits-de-lAnimal.pdf\" type=\"application\/pdf\" style=\"width:100%;height:600px\" aria-label=\"Contenu embarqu\u00e9 FFPA-Declaration-Universelle-des-Droits-de-lAnimal.\"><\/object><a id=\"wp-block-file--media-b425bc43-126d-4b45-bdda-a7de3101eb1a\" href=\"https:\/\/ffpanimale.fr\/wp-content\/uploads\/2025\/02\/FFPA-Declaration-Universelle-des-Droits-de-lAnimal.pdf\">FFPA-Declaration-Universelle-des-Droits-de-lAnimal<\/a><a href=\"https:\/\/ffpanimale.fr\/wp-content\/uploads\/2025\/02\/FFPA-Declaration-Universelle-des-Droits-de-lAnimal.pdf\" class=\"wp-block-file__button wp-element-button\" download aria-describedby=\"wp-block-file--media-b425bc43-126d-4b45-bdda-a7de3101eb1a\">T\u00e9l\u00e9charger<\/a><\/div>\n\n\n\n<hr class=\"wp-block-separator has-alpha-channel-opacity\"\/>\n\n\n\n<p class=\"has-text-align-center\"><strong><mark style=\"background-color:rgba(0, 0, 0, 0)\" class=\"has-inline-color has-primary-color\">Guide Juridique de l&rsquo;Animal<\/mark><\/strong><\/p>\n\n\n\n<div data-wp-interactive=\"core\/file\" class=\"wp-block-file\"><object data-wp-bind--hidden=\"!state.hasPdfPreview\" hidden class=\"wp-block-file__embed\" data=\"https:\/\/ffpanimale.fr\/wp-content\/uploads\/2025\/02\/FFPAnimale-Guide-sur-le-statut-juridique-des-animaux.pdf\" type=\"application\/pdf\" style=\"width:100%;height:600px\" aria-label=\"Contenu embarqu\u00e9 FFPAnimale-Guide-sur-le-statut-juridique-des-animaux.\"><\/object><a id=\"wp-block-file--media-229033cd-eadc-440f-8b32-8907bc12e354\" href=\"https:\/\/ffpanimale.fr\/wp-content\/uploads\/2025\/02\/FFPAnimale-Guide-sur-le-statut-juridique-des-animaux.pdf\">FFPAnimale-Guide-sur-le-statut-juridique-des-animaux<\/a><a href=\"https:\/\/ffpanimale.fr\/wp-content\/uploads\/2025\/02\/FFPAnimale-Guide-sur-le-statut-juridique-des-animaux.pdf\" class=\"wp-block-file__button wp-element-button\" download aria-describedby=\"wp-block-file--media-229033cd-eadc-440f-8b32-8907bc12e354\">T\u00e9l\u00e9charger<\/a><\/div>\n\n\n\n<hr class=\"wp-block-separator has-alpha-channel-opacity\"\/>\n\n\n\n<p class=\"has-text-align-center\"><strong><mark style=\"background-color:rgba(0, 0, 0, 0)\" class=\"has-inline-color has-primary-color\">L\u00e9gislation<\/mark><\/strong><\/p>\n\n\n\n<div data-wp-interactive=\"core\/file\" class=\"wp-block-file\"><object data-wp-bind--hidden=\"!state.hasPdfPreview\" hidden class=\"wp-block-file__embed\" data=\"https:\/\/ffpanimale.fr\/wp-content\/uploads\/2025\/02\/FFPAnimale-Lois-Site.pdf\" type=\"application\/pdf\" style=\"width:100%;height:600px\" aria-label=\"Contenu embarqu\u00e9 FFPAnimale-Lois-Site.\"><\/object><a id=\"wp-block-file--media-540dc258-c9be-403b-a874-5dc627dfea4f\" href=\"https:\/\/ffpanimale.fr\/wp-content\/uploads\/2025\/02\/FFPAnimale-Lois-Site.pdf\">FFPAnimale-Lois-Site<\/a><a href=\"https:\/\/ffpanimale.fr\/wp-content\/uploads\/2025\/02\/FFPAnimale-Lois-Site.pdf\" class=\"wp-block-file__button wp-element-button\" download aria-describedby=\"wp-block-file--media-540dc258-c9be-403b-a874-5dc627dfea4f\">T\u00e9l\u00e9charger<\/a><\/div>\n\n\n\n<hr class=\"wp-block-separator has-alpha-channel-opacity\"\/>\n","protected":false},"excerpt":{"rendered":"<p>La Protection Animale en Chiffres Trop d&rsquo;animaux sont massacr\u00e9s, assassin\u00e9s, abandonn\u00e9s au nom de quoi ? du simple plaisir de l&rsquo;Homme de dominer disons stop D\u00e9claration Universelle des Droits de [&hellip;]<\/p>\n","protected":false},"author":1,"featured_media":0,"parent":0,"menu_order":0,"comment_status":"closed","ping_status":"closed","template":"","meta":{"jetpack_post_was_ever_published":false,"footnotes":""},"class_list":["post-7784","page","type-page","status-publish","hentry"],"jetpack-related-posts":[],"jetpack_sharing_enabled":true,"_links":{"self":[{"href":"https:\/\/ffpanimale.fr\/index.php?rest_route=\/wp\/v2\/pages\/7784","targetHints":{"allow":["GET"]}}],"collection":[{"href":"https:\/\/ffpanimale.fr\/index.php?rest_route=\/wp\/v2\/pages"}],"about":[{"href":"https:\/\/ffpanimale.fr\/index.php?rest_route=\/wp\/v2\/types\/page"}],"author":[{"embeddable":true,"href":"https:\/\/ffpanimale.fr\/index.php?rest_route=\/wp\/v2\/users\/1"}],"replies":[{"embeddable":true,"href":"https:\/\/ffpanimale.fr\/index.php?rest_route=%2Fwp%2Fv2%2Fcomments&post=7784"}],"version-history":[{"count":9,"href":"https:\/\/ffpanimale.fr\/index.php?rest_route=\/wp\/v2\/pages\/7784\/revisions"}],"predecessor-version":[{"id":14588,"href":"https:\/\/ffpanimale.fr\/index.php?rest_route=\/wp\/v2\/pages\/7784\/revisions\/14588"}],"wp:attachment":[{"href":"https:\/\/ffpanimale.fr\/index.php?rest_route=%2Fwp%2Fv2%2Fmedia&parent=7784"}],"curies":[{"name":"wp","href":"https:\/\/api.w.org\/{rel}","templated":true}]}}