{"id":14309,"date":"2025-07-31T20:59:40","date_gmt":"2025-07-31T18:59:40","guid":{"rendered":"https:\/\/ffpanimale.fr\/?page_id=14309"},"modified":"2025-08-01T19:31:27","modified_gmt":"2025-08-01T17:31:27","slug":"les-animaux-a-ladoption","status":"publish","type":"page","link":"https:\/\/ffpanimale.fr\/?page_id=14309","title":{"rendered":"Les animaux \u00e0 l&rsquo;adoption"},"content":{"rendered":"\n<hr class=\"wp-block-separator has-alpha-channel-opacity\"\/>\n\n\n\n<figure class=\"wp-block-image size-large is-style-rounded\"><img data-recalc-dims=\"1\" loading=\"lazy\" decoding=\"async\" width=\"810\" height=\"456\" src=\"https:\/\/i0.wp.com\/ffpanimale.fr\/wp-content\/uploads\/2025\/07\/NOS-ANIMAUX-A-SAUVER.png?resize=810%2C456&#038;ssl=1\" alt=\"\" class=\"wp-image-14311\" srcset=\"https:\/\/i0.wp.com\/ffpanimale.fr\/wp-content\/uploads\/2025\/07\/NOS-ANIMAUX-A-SAUVER.png?resize=1024%2C576&amp;ssl=1 1024w, https:\/\/i0.wp.com\/ffpanimale.fr\/wp-content\/uploads\/2025\/07\/NOS-ANIMAUX-A-SAUVER.png?resize=300%2C169&amp;ssl=1 300w, https:\/\/i0.wp.com\/ffpanimale.fr\/wp-content\/uploads\/2025\/07\/NOS-ANIMAUX-A-SAUVER.png?resize=768%2C432&amp;ssl=1 768w, https:\/\/i0.wp.com\/ffpanimale.fr\/wp-content\/uploads\/2025\/07\/NOS-ANIMAUX-A-SAUVER.png?resize=135%2C75&amp;ssl=1 135w, https:\/\/i0.wp.com\/ffpanimale.fr\/wp-content\/uploads\/2025\/07\/NOS-ANIMAUX-A-SAUVER.png?w=1280&amp;ssl=1 1280w\" sizes=\"auto, (max-width: 810px) 100vw, 810px\" \/><\/figure>\n\n\n\n<hr class=\"wp-block-separator has-alpha-channel-opacity\"\/>\n\n\n\n<div class=\"wp-block-media-text is-stacked-on-mobile\"><figure class=\"wp-block-media-text__media\"><img data-recalc-dims=\"1\" loading=\"lazy\" decoding=\"async\" width=\"576\" height=\"1024\" src=\"https:\/\/i0.wp.com\/ffpanimale.fr\/wp-content\/uploads\/2025\/08\/Jument-Royale-1.png?resize=576%2C1024&#038;ssl=1\" alt=\"\" class=\"wp-image-14319 size-full\" srcset=\"https:\/\/i0.wp.com\/ffpanimale.fr\/wp-content\/uploads\/2025\/08\/Jument-Royale-1.png?resize=576%2C1024&amp;ssl=1 576w, https:\/\/i0.wp.com\/ffpanimale.fr\/wp-content\/uploads\/2025\/08\/Jument-Royale-1.png?resize=169%2C300&amp;ssl=1 169w, https:\/\/i0.wp.com\/ffpanimale.fr\/wp-content\/uploads\/2025\/08\/Jument-Royale-1.png?resize=768%2C1365&amp;ssl=1 768w, https:\/\/i0.wp.com\/ffpanimale.fr\/wp-content\/uploads\/2025\/08\/Jument-Royale-1.png?w=1080&amp;ssl=1 1080w\" sizes=\"auto, (max-width: 576px) 100vw, 576px\" \/><\/figure><div class=\"wp-block-media-text__content\">\n<blockquote class=\"wp-block-quote is-layout-flow wp-block-quote-is-layout-flow\">\n<p class=\"has-white-color has-blush-bordeaux-gradient-background has-text-color has-background has-link-color has-medium-font-size wp-elements-7aa83918fd79a175a68fdecffc633c49\"><img data-recalc-dims=\"1\" decoding=\"async\" alt=\"\u2757\ufe0f\" src=\"https:\/\/i0.wp.com\/fonts.gstatic.com\/s\/e\/notoemoji\/16.0\/2757_fe0f\/32.png?w=810&#038;ssl=1\">URGENT<img data-recalc-dims=\"1\" decoding=\"async\" alt=\"\u2757\ufe0f\" src=\"https:\/\/i0.wp.com\/fonts.gstatic.com\/s\/e\/notoemoji\/16.0\/2757_fe0f\/32.png?w=810&#038;ssl=1\"><\/p>\n\n\n\n<p>RECHERCHE FAMILLE :<\/p>\n\n\n\n<p>Bonsoir \u00e0 tous, ces deux petites chiennes \u00e2g\u00e9es recherchent une famille d\u2019accueil, une association ou une famille d\u00e9finitive pour finir leurs jours paisiblement et dans de meilleures conditions :Flora et Jessy sont deux chihuahuas \u00e0 poils longs n\u00e9glig\u00e9es par leurs propri\u00e9taires ! Nous cherchons un endroit o\u00f9 les placer pour leur offrir ce qu\u2019ils leur ont toujours manqu\u00e9 : de la s\u00e9curit\u00e9 et du bien-\u00eatre !<\/p>\n\n\n\n<p>Flora, 14 ans, tr\u00e8s gentille et douce. Cette petite puce a malheureusement une sant\u00e9 fragile ! Un \u0153il tr\u00e8s ab\u00eem\u00e9, une insuffisance r\u00e9nale et un souffle au c\u0153ur. Elle montre une r\u00e9elle volont\u00e9 de fer afin de finir ses jours au calme et aupr\u00e8s de sa demi-s\u0153ur.<\/p>\n\n\n\n<p>Jessy, 13\/14 ans, gentille et douce, mais reste tr\u00e8s peureuse envers les personnes inconnues.&nbsp;<\/p>\n\n\n\n<p>Flora et Jessy ont toujours v\u00e9cu ensemble et m\u00e9ritent une fin de vie tranquille et qu\u2019on prenne soin d\u2019elles.<\/p>\n\n\n\n<p>S\u2019il vous plait, aidez-nous \u00e0 leur offrir cette chance !<\/p>\n\n\n\n<p><a href=\"https:\/\/ffpanimale.fr\/contact\/\" target=\"_blank\" rel=\"noreferrer noopener\">Contact dans ce lien => S\u00e9lectionner secretariat<\/a><\/p>\n<\/blockquote>\n<\/div><\/div>\n\n\n\n<hr class=\"wp-block-separator has-alpha-channel-opacity\"\/>\n\n\n\n<div class=\"wp-block-media-text is-stacked-on-mobile\"><figure class=\"wp-block-media-text__media\"><img data-recalc-dims=\"1\" loading=\"lazy\" decoding=\"async\" width=\"576\" height=\"1024\" src=\"https:\/\/i0.wp.com\/ffpanimale.fr\/wp-content\/uploads\/2025\/08\/Jument-Royale-2.png?resize=576%2C1024&#038;ssl=1\" alt=\"\" class=\"wp-image-14323 size-full\" srcset=\"https:\/\/i0.wp.com\/ffpanimale.fr\/wp-content\/uploads\/2025\/08\/Jument-Royale-2.png?resize=576%2C1024&amp;ssl=1 576w, https:\/\/i0.wp.com\/ffpanimale.fr\/wp-content\/uploads\/2025\/08\/Jument-Royale-2.png?resize=169%2C300&amp;ssl=1 169w, https:\/\/i0.wp.com\/ffpanimale.fr\/wp-content\/uploads\/2025\/08\/Jument-Royale-2.png?resize=768%2C1365&amp;ssl=1 768w, https:\/\/i0.wp.com\/ffpanimale.fr\/wp-content\/uploads\/2025\/08\/Jument-Royale-2.png?resize=864%2C1536&amp;ssl=1 864w, https:\/\/i0.wp.com\/ffpanimale.fr\/wp-content\/uploads\/2025\/08\/Jument-Royale-2.png?w=1080&amp;ssl=1 1080w\" sizes=\"auto, (max-width: 576px) 100vw, 576px\" \/><\/figure><div class=\"wp-block-media-text__content\">\n<blockquote class=\"wp-block-quote is-layout-flow wp-block-quote-is-layout-flow\">\n<p>Bonjour \u00e0 tous,Nous sommes actuellement en train de chercher une future famille pour une jument :<\/p>\n\n\n\n<p>ROYALE, elle a 17 ans, c\u2019est une trotteuse !Elle est tr\u00e8s douce et curieuse, pas farouche.Elle a besoin d\u2019\u00eatre remise au travail mais poss\u00e8de les codes.Elle sera parfaite pour de la balade ou m\u00eame une m\u00e8re de substitution lors du sevrage de poulain.<\/p>\n\n\n\n<p>Elle se trouve dans l\u2019Oise et attend patiemment que quelqu\u2019un s\u2019occupe d\u2019elle.<\/p>\n\n\n\n<p>Alors s\u2019il vous plait, pour Royale qui a \u00e9t\u00e9 sauv\u00e9e de la boucherie pour \u00eatre abandonn\u00e9e ensuite, partagez ou contactez-nous afin d\u2019arr\u00eater son cauchemar<img data-recalc-dims=\"1\" decoding=\"async\" alt=\"\ud83d\ude4f\" src=\"https:\/\/i0.wp.com\/fonts.gstatic.com\/s\/e\/notoemoji\/16.0\/1f64f\/32.png?w=810&#038;ssl=1\"><\/p>\n<\/blockquote>\n\n\n\n<blockquote class=\"wp-block-quote is-layout-flow wp-block-quote-is-layout-flow\">\n<p><a href=\"https:\/\/ffpanimale.fr\/contact\/\" target=\"_blank\" rel=\"noreferrer noopener\">Contact dans ce lien => S\u00e9lectionner secretariat<\/a><\/p>\n<\/blockquote>\n<\/div><\/div>\n\n\n\n<hr class=\"wp-block-separator has-alpha-channel-opacity\"\/>\n","protected":false},"excerpt":{"rendered":"","protected":false},"author":2,"featured_media":0,"parent":0,"menu_order":0,"comment_status":"closed","ping_status":"closed","template":"","meta":{"jetpack_post_was_ever_published":false,"footnotes":""},"class_list":["post-14309","page","type-page","status-publish","hentry"],"jetpack-related-posts":[],"jetpack_sharing_enabled":true,"_links":{"self":[{"href":"https:\/\/ffpanimale.fr\/index.php?rest_route=\/wp\/v2\/pages\/14309","targetHints":{"allow":["GET"]}}],"collection":[{"href":"https:\/\/ffpanimale.fr\/index.php?rest_route=\/wp\/v2\/pages"}],"about":[{"href":"https:\/\/ffpanimale.fr\/index.php?rest_route=\/wp\/v2\/types\/page"}],"author":[{"embeddable":true,"href":"https:\/\/ffpanimale.fr\/index.php?rest_route=\/wp\/v2\/users\/2"}],"replies":[{"embeddable":true,"href":"https:\/\/ffpanimale.fr\/index.php?rest_route=%2Fwp%2Fv2%2Fcomments&post=14309"}],"version-history":[{"count":5,"href":"https:\/\/ffpanimale.fr\/index.php?rest_route=\/wp\/v2\/pages\/14309\/revisions"}],"predecessor-version":[{"id":14324,"href":"https:\/\/ffpanimale.fr\/index.php?rest_route=\/wp\/v2\/pages\/14309\/revisions\/14324"}],"wp:attachment":[{"href":"https:\/\/ffpanimale.fr\/index.php?rest_route=%2Fwp%2Fv2%2Fmedia&parent=14309"}],"curies":[{"name":"wp","href":"https:\/\/api.w.org\/{rel}","templated":true}]}}