{"id":14167,"date":"2025-03-10T09:30:10","date_gmt":"2025-03-10T08:30:10","guid":{"rendered":"https:\/\/ffpanimale.fr\/?page_id=14167"},"modified":"2025-08-02T15:47:40","modified_gmt":"2025-08-02T13:47:40","slug":"departement-reptile-amphibien","status":"publish","type":"page","link":"https:\/\/ffpanimale.fr\/?page_id=14167","title":{"rendered":"D\u00e9partement Terrariophilie"},"content":{"rendered":"\n<div class=\"wp-block-media-text is-stacked-on-mobile\"><figure class=\"wp-block-media-text__media\"><img data-recalc-dims=\"1\" loading=\"lazy\" decoding=\"async\" width=\"810\" height=\"810\" src=\"https:\/\/i0.wp.com\/ffpanimale.fr\/wp-content\/uploads\/2025\/04\/reptile-et-amphibien.jpg?resize=810%2C810&#038;ssl=1\" alt=\"\" class=\"wp-image-14205 size-full\" srcset=\"https:\/\/i0.wp.com\/ffpanimale.fr\/wp-content\/uploads\/2025\/04\/reptile-et-amphibien.jpg?w=1024&amp;ssl=1 1024w, https:\/\/i0.wp.com\/ffpanimale.fr\/wp-content\/uploads\/2025\/04\/reptile-et-amphibien.jpg?resize=300%2C300&amp;ssl=1 300w, https:\/\/i0.wp.com\/ffpanimale.fr\/wp-content\/uploads\/2025\/04\/reptile-et-amphibien.jpg?resize=150%2C150&amp;ssl=1 150w, https:\/\/i0.wp.com\/ffpanimale.fr\/wp-content\/uploads\/2025\/04\/reptile-et-amphibien.jpg?resize=768%2C768&amp;ssl=1 768w, https:\/\/i0.wp.com\/ffpanimale.fr\/wp-content\/uploads\/2025\/04\/reptile-et-amphibien.jpg?resize=800%2C800&amp;ssl=1 800w, https:\/\/i0.wp.com\/ffpanimale.fr\/wp-content\/uploads\/2025\/04\/reptile-et-amphibien.jpg?resize=100%2C100&amp;ssl=1 100w\" sizes=\"auto, (max-width: 810px) 100vw, 810px\" \/><\/figure><div class=\"wp-block-media-text__content\">\n<blockquote class=\"wp-block-quote is-layout-flow wp-block-quote-is-layout-flow\">\n<p>A propos de moi :<\/p>\n\n\n\n<p>On me connait plus sur les r\u00e9seaux en tant que Folie_des_reptiles, je suis \u00e9leveuse de reptile depuis 6 ans, passionn\u00e9e depuis mon plus jeune \u00e2ge, je suis toujours disponible afin de r\u00e9pondre aux questions de toutes personnes dans le besoin. Je suis actuellement en train d&rsquo;\u00e9lever du boa, du python royal, du pogona vitticep, du gecko l\u00e9opard mais \u00e9galement des insectes (phasmes feuilles et c\u00e9toine margin\u00e9e du Kenya). J&rsquo;ai \u00e9galement \u00e9lev\u00e9 es geckos \u00e0 cr\u00eate et du gecko gargouille. J&rsquo;ai \u00e9t\u00e9 form\u00e9 aux certificat de capacit\u00e9 sur une longue liste de reptile et d&rsquo;amphibien (grandes esp\u00e8ces et autres consid\u00e9r\u00e9 comme esp\u00e8ce dangereuses). J&rsquo;ai \u00e9galement eu la chance de pouvoir sensibiliser de nombreuses personnes avec la cit\u00e9 des m\u00e9tiers au monde des reptiles qui se font de plus en plus pr\u00e9sent sur les m\u00e9tiers de l&rsquo;animalerie et j&rsquo;ai pu \u00eatre en contact avec des professionnels qui ont su me guider et m&rsquo;apprendre les meilleurs m\u00e9thodes d&rsquo;\u00e9levage dans le respect et le bien-\u00eatre de ses animaux peut compris et mal aim\u00e9.<\/p>\n\n\n\n<p>Mon but chez FFPANIMALE :<\/p>\n\n\n\n<p>\u00catre un point relais d&rsquo;informations et d&rsquo;aide des particuliers et professionnels afin de limiter les risques de maltraitance mais \u00e9galement de d\u00e9tentions d&rsquo;esp\u00e8ces interdites ou prot\u00e9g\u00e9es. Pouvoir \u00e9galement accompagner mes coll\u00e8gues de la f\u00e9d\u00e9ration dans leurs projets au plus possible.<\/p>\n\n\n\n<p>Mon projet professionnel :<\/p>\n\n\n\n<p>J&rsquo;ai un projet bien en t\u00eate pour lequel je veux travailler au mieux et avoir les meilleures cartes en mains possible. Je rencontre un maximum de professionnels afin de connaitre au mieux les besoins qui sont encore trop peu alimenter dans le secteur des reptiles et amphibiens.<\/p>\n\n\n\n<p>Mes r\u00e9seaux :<\/p>\n\n\n\n<p>Instagram : @Folie_des_reptiles<\/p>\n\n\n\n<p>Facebook : Sarah Drac<\/p>\n<\/blockquote>\n<\/div><\/div>\n","protected":false},"excerpt":{"rendered":"","protected":false},"author":2,"featured_media":0,"parent":0,"menu_order":0,"comment_status":"closed","ping_status":"closed","template":"","meta":{"jetpack_post_was_ever_published":false,"footnotes":""},"class_list":["post-14167","page","type-page","status-publish","hentry"],"jetpack-related-posts":[],"jetpack_sharing_enabled":true,"_links":{"self":[{"href":"https:\/\/ffpanimale.fr\/index.php?rest_route=\/wp\/v2\/pages\/14167","targetHints":{"allow":["GET"]}}],"collection":[{"href":"https:\/\/ffpanimale.fr\/index.php?rest_route=\/wp\/v2\/pages"}],"about":[{"href":"https:\/\/ffpanimale.fr\/index.php?rest_route=\/wp\/v2\/types\/page"}],"author":[{"embeddable":true,"href":"https:\/\/ffpanimale.fr\/index.php?rest_route=\/wp\/v2\/users\/2"}],"replies":[{"embeddable":true,"href":"https:\/\/ffpanimale.fr\/index.php?rest_route=%2Fwp%2Fv2%2Fcomments&post=14167"}],"version-history":[{"count":3,"href":"https:\/\/ffpanimale.fr\/index.php?rest_route=\/wp\/v2\/pages\/14167\/revisions"}],"predecessor-version":[{"id":14325,"href":"https:\/\/ffpanimale.fr\/index.php?rest_route=\/wp\/v2\/pages\/14167\/revisions\/14325"}],"wp:attachment":[{"href":"https:\/\/ffpanimale.fr\/index.php?rest_route=%2Fwp%2Fv2%2Fmedia&parent=14167"}],"curies":[{"name":"wp","href":"https:\/\/api.w.org\/{rel}","templated":true}]}}