{"id":13675,"date":"2024-07-10T14:53:01","date_gmt":"2024-07-10T12:53:01","guid":{"rendered":"https:\/\/ffpanimale.fr\/?page_id=13675"},"modified":"2024-07-13T14:04:47","modified_gmt":"2024-07-13T12:04:47","slug":"departement-nac","status":"publish","type":"page","link":"https:\/\/ffpanimale.fr\/?page_id=13675","title":{"rendered":"D\u00e9partement NAC"},"content":{"rendered":"<style type=\"text\/css\">\n#foogallery-gallery-13698 .fg-image { width: 200px; }<\/style>\n\t\t\t<div class=\"foogallery foogallery-container foogallery-carousel foogallery-lightbox-foogallery fg-carousel fg-ready fg-light fg-border-thin fg-shadow-outline fg-loading-default fg-loaded-fade-in fg-caption-hover fg-hover-fade fg-hover-zoom\" id=\"foogallery-gallery-13698\" data-foogallery=\"{&quot;item&quot;:{&quot;showCaptionTitle&quot;:true,&quot;showCaptionDescription&quot;:true},&quot;lazy&quot;:true,&quot;template&quot;:{&quot;maxItems&quot;:5,&quot;scale&quot;:0.12,&quot;gutter&quot;:{&quot;min&quot;:-40,&quot;max&quot;:-20,&quot;unit&quot;:&quot;%&quot;},&quot;autoplay&quot;:{&quot;time&quot;:0,&quot;interaction&quot;:&quot;pause&quot;},&quot;centerOnClick&quot;:true,&quot;align&quot;:&quot;center&quot;,&quot;activePosition&quot;:&quot;center&quot;}}\" data-foogallery-lightbox=\"{&quot;thumbs&quot;:&quot;bottom&quot;,&quot;thumbsCaptions&quot;:false,&quot;thumbsBestFit&quot;:false,&quot;thumbsSmall&quot;:false,&quot;thumbsCaptionsAlign&quot;:&quot;default&quot;,&quot;info&quot;:&quot;bottom&quot;,&quot;infoVisible&quot;:true,&quot;infoOverlay&quot;:true,&quot;infoAlign&quot;:&quot;default&quot;,&quot;transition&quot;:&quot;fade&quot;,&quot;hoverButtons&quot;:false,&quot;fitMedia&quot;:false,&quot;noScrollbars&quot;:true,&quot;preserveButtonSpace&quot;:true,&quot;buttons&quot;:{&quot;fullscreen&quot;:true,&quot;info&quot;:true,&quot;thumbs&quot;:false},&quot;video&quot;:{&quot;autoPlay&quot;:true}}\" style=\"--fg-title-line-clamp: 0; --fg-description-line-clamp: 0;\" >\n\t<button type=\"button\" class=\"fg-carousel-prev\" title=\"Previous\"><\/button>\n\t<div class=\"fg-carousel-inner\">\n\t\t<div class=\"fg-carousel-center\"><\/div>\n\t\t<div class=\"fg-item fg-type-image fg-idle\"><figure class=\"fg-item-inner\"><a href=\"https:\/\/ffpanimale.fr\/wp-content\/uploads\/2024\/07\/Capture-decran_13-7-2024_125720_sites.google.com_.jpeg\" data-attachment-id=\"13699\" data-type=\"image\" class=\"fg-thumb\"><span class=\"fg-image-wrap\"><img decoding=\"async\" width=\"200\" height=\"200\" class=\"skip-lazy fg-image\" data-src-fg=\"https:\/\/ffpanimale.fr\/wp-content\/uploads\/cache\/2024\/07\/Capture-decran_13-7-2024_125720_sites_google_com_\/2748143422.jpeg\" src=\"data:image\/svg+xml,%3Csvg%20xmlns%3D%22http%3A%2F%2Fwww.w3.org%2F2000%2Fsvg%22%20width%3D%22200%22%20height%3D%22200%22%20viewBox%3D%220%200%20200%20200%22%3E%3C%2Fsvg%3E\" loading=\"eager\"><\/span><span class=\"fg-image-overlay\"><\/span><\/a><\/figure><div class=\"fg-loader\"><\/div><\/div><div class=\"fg-item fg-type-image fg-idle\"><figure class=\"fg-item-inner\"><a href=\"https:\/\/ffpanimale.fr\/wp-content\/uploads\/2024\/07\/Capture-decran_13-7-2024_125552_sites.google.com_.jpeg\" data-attachment-id=\"13705\" data-type=\"image\" class=\"fg-thumb\"><span class=\"fg-image-wrap\"><img decoding=\"async\" width=\"200\" height=\"200\" class=\"skip-lazy fg-image\" data-src-fg=\"https:\/\/ffpanimale.fr\/wp-content\/uploads\/cache\/2024\/07\/Capture-decran_13-7-2024_125552_sites_google_com_\/1545054936.jpeg\" src=\"data:image\/svg+xml,%3Csvg%20xmlns%3D%22http%3A%2F%2Fwww.w3.org%2F2000%2Fsvg%22%20width%3D%22200%22%20height%3D%22200%22%20viewBox%3D%220%200%20200%20200%22%3E%3C%2Fsvg%3E\" loading=\"eager\"><\/span><span class=\"fg-image-overlay\"><\/span><\/a><\/figure><div class=\"fg-loader\"><\/div><\/div><div class=\"fg-item fg-type-image fg-idle\"><figure class=\"fg-item-inner\"><a href=\"https:\/\/ffpanimale.fr\/wp-content\/uploads\/2024\/07\/Capture-decran_13-7-2024_125536_sites.google.com_.jpeg\" data-attachment-id=\"13706\" data-type=\"image\" class=\"fg-thumb\"><span class=\"fg-image-wrap\"><img decoding=\"async\" width=\"200\" height=\"200\" class=\"skip-lazy fg-image\" data-src-fg=\"https:\/\/ffpanimale.fr\/wp-content\/uploads\/cache\/2024\/07\/Capture-decran_13-7-2024_125536_sites_google_com_\/4206087998.jpeg\" src=\"data:image\/svg+xml,%3Csvg%20xmlns%3D%22http%3A%2F%2Fwww.w3.org%2F2000%2Fsvg%22%20width%3D%22200%22%20height%3D%22200%22%20viewBox%3D%220%200%20200%20200%22%3E%3C%2Fsvg%3E\" loading=\"eager\"><\/span><span class=\"fg-image-overlay\"><\/span><\/a><\/figure><div class=\"fg-loader\"><\/div><\/div><div class=\"fg-item fg-type-image fg-idle\"><figure class=\"fg-item-inner\"><a href=\"https:\/\/ffpanimale.fr\/wp-content\/uploads\/2024\/07\/Capture-decran_13-7-2024_125523_sites.google.com_.jpeg\" data-attachment-id=\"13707\" data-type=\"image\" class=\"fg-thumb\"><span class=\"fg-image-wrap\"><img decoding=\"async\" width=\"200\" height=\"200\" class=\"skip-lazy fg-image\" data-src-fg=\"https:\/\/ffpanimale.fr\/wp-content\/uploads\/cache\/2024\/07\/Capture-decran_13-7-2024_125523_sites_google_com_\/64176195.jpeg\" src=\"data:image\/svg+xml,%3Csvg%20xmlns%3D%22http%3A%2F%2Fwww.w3.org%2F2000%2Fsvg%22%20width%3D%22200%22%20height%3D%22200%22%20viewBox%3D%220%200%20200%20200%22%3E%3C%2Fsvg%3E\" loading=\"eager\"><\/span><span class=\"fg-image-overlay\"><\/span><\/a><\/figure><div class=\"fg-loader\"><\/div><\/div><div class=\"fg-item fg-type-image fg-idle\"><figure class=\"fg-item-inner\"><a href=\"https:\/\/ffpanimale.fr\/wp-content\/uploads\/2024\/07\/Capture-decran_13-7-2024_125424_sites.google.com_.jpeg\" data-attachment-id=\"13711\" data-type=\"image\" class=\"fg-thumb\"><span class=\"fg-image-wrap\"><img decoding=\"async\" width=\"200\" height=\"200\" class=\"skip-lazy fg-image\" data-src-fg=\"https:\/\/ffpanimale.fr\/wp-content\/uploads\/cache\/2024\/07\/Capture-decran_13-7-2024_125424_sites_google_com_\/2817156409.jpeg\" src=\"data:image\/svg+xml,%3Csvg%20xmlns%3D%22http%3A%2F%2Fwww.w3.org%2F2000%2Fsvg%22%20width%3D%22200%22%20height%3D%22200%22%20viewBox%3D%220%200%20200%20200%22%3E%3C%2Fsvg%3E\" loading=\"eager\"><\/span><span class=\"fg-image-overlay\"><\/span><\/a><\/figure><div class=\"fg-loader\"><\/div><\/div><div class=\"fg-item fg-type-image fg-idle\"><figure class=\"fg-item-inner\"><a href=\"https:\/\/ffpanimale.fr\/wp-content\/uploads\/2024\/07\/Capture-decran_13-7-2024_125457_sites.google.com_.jpeg\" data-attachment-id=\"13709\" data-type=\"image\" class=\"fg-thumb\"><span class=\"fg-image-wrap\"><img decoding=\"async\" width=\"200\" height=\"200\" class=\"skip-lazy fg-image\" data-src-fg=\"https:\/\/ffpanimale.fr\/wp-content\/uploads\/cache\/2024\/07\/Capture-decran_13-7-2024_125457_sites_google_com_\/2405108942.jpeg\" src=\"data:image\/svg+xml,%3Csvg%20xmlns%3D%22http%3A%2F%2Fwww.w3.org%2F2000%2Fsvg%22%20width%3D%22200%22%20height%3D%22200%22%20viewBox%3D%220%200%20200%20200%22%3E%3C%2Fsvg%3E\" loading=\"eager\"><\/span><span class=\"fg-image-overlay\"><\/span><\/a><\/figure><div class=\"fg-loader\"><\/div><\/div><div class=\"fg-item fg-type-image fg-idle\"><figure class=\"fg-item-inner\"><a href=\"https:\/\/ffpanimale.fr\/wp-content\/uploads\/2024\/07\/Capture-decran_13-7-2024_125511_sites.google.com_.jpeg\" data-attachment-id=\"13708\" data-type=\"image\" class=\"fg-thumb\"><span class=\"fg-image-wrap\"><img decoding=\"async\" width=\"200\" height=\"200\" class=\"skip-lazy fg-image\" data-src-fg=\"https:\/\/ffpanimale.fr\/wp-content\/uploads\/cache\/2024\/07\/Capture-decran_13-7-2024_125511_sites_google_com_\/2714402365.jpeg\" src=\"data:image\/svg+xml,%3Csvg%20xmlns%3D%22http%3A%2F%2Fwww.w3.org%2F2000%2Fsvg%22%20width%3D%22200%22%20height%3D%22200%22%20viewBox%3D%220%200%20200%20200%22%3E%3C%2Fsvg%3E\" loading=\"eager\"><\/span><span class=\"fg-image-overlay\"><\/span><\/a><\/figure><div class=\"fg-loader\"><\/div><\/div><div class=\"fg-item fg-type-image fg-idle\"><figure class=\"fg-item-inner\"><a href=\"https:\/\/ffpanimale.fr\/wp-content\/uploads\/2024\/07\/Capture-decran_13-7-2024_12569_sites.google.com_.jpeg\" data-attachment-id=\"13704\" data-type=\"image\" class=\"fg-thumb\"><span class=\"fg-image-wrap\"><img decoding=\"async\" width=\"200\" height=\"200\" class=\"skip-lazy fg-image\" data-src-fg=\"https:\/\/ffpanimale.fr\/wp-content\/uploads\/cache\/2024\/07\/Capture-decran_13-7-2024_12569_sites_google_com_\/1281002356.jpeg\" src=\"data:image\/svg+xml,%3Csvg%20xmlns%3D%22http%3A%2F%2Fwww.w3.org%2F2000%2Fsvg%22%20width%3D%22200%22%20height%3D%22200%22%20viewBox%3D%220%200%20200%20200%22%3E%3C%2Fsvg%3E\" loading=\"eager\"><\/span><span class=\"fg-image-overlay\"><\/span><\/a><\/figure><div class=\"fg-loader\"><\/div><\/div><div class=\"fg-item fg-type-image fg-idle\"><figure class=\"fg-item-inner\"><a href=\"https:\/\/ffpanimale.fr\/wp-content\/uploads\/2024\/07\/Capture-decran_13-7-2024_125627_sites.google.com_.jpeg\" data-attachment-id=\"13703\" data-type=\"image\" class=\"fg-thumb\"><span class=\"fg-image-wrap\"><img decoding=\"async\" width=\"200\" height=\"200\" class=\"skip-lazy fg-image\" data-src-fg=\"https:\/\/ffpanimale.fr\/wp-content\/uploads\/cache\/2024\/07\/Capture-decran_13-7-2024_125627_sites_google_com_\/2904049016.jpeg\" src=\"data:image\/svg+xml,%3Csvg%20xmlns%3D%22http%3A%2F%2Fwww.w3.org%2F2000%2Fsvg%22%20width%3D%22200%22%20height%3D%22200%22%20viewBox%3D%220%200%20200%20200%22%3E%3C%2Fsvg%3E\" loading=\"eager\"><\/span><span class=\"fg-image-overlay\"><\/span><\/a><\/figure><div class=\"fg-loader\"><\/div><\/div><div class=\"fg-item fg-type-image fg-idle\"><figure class=\"fg-item-inner\"><a href=\"https:\/\/ffpanimale.fr\/wp-content\/uploads\/2024\/07\/Capture-decran_13-7-2024_125653_sites.google.com_.jpeg\" data-attachment-id=\"13701\" data-type=\"image\" class=\"fg-thumb\"><span class=\"fg-image-wrap\"><img decoding=\"async\" width=\"200\" height=\"200\" class=\"skip-lazy fg-image\" data-src-fg=\"https:\/\/ffpanimale.fr\/wp-content\/uploads\/cache\/2024\/07\/Capture-decran_13-7-2024_125653_sites_google_com_\/4245807079.jpeg\" src=\"data:image\/svg+xml,%3Csvg%20xmlns%3D%22http%3A%2F%2Fwww.w3.org%2F2000%2Fsvg%22%20width%3D%22200%22%20height%3D%22200%22%20viewBox%3D%220%200%20200%20200%22%3E%3C%2Fsvg%3E\" loading=\"eager\"><\/span><span class=\"fg-image-overlay\"><\/span><\/a><\/figure><div class=\"fg-loader\"><\/div><\/div><div class=\"fg-item fg-type-image fg-idle\"><figure class=\"fg-item-inner\"><a href=\"https:\/\/ffpanimale.fr\/wp-content\/uploads\/2024\/07\/Capture-decran_13-7-2024_12577_sites.google.com_.jpeg\" data-attachment-id=\"13700\" data-type=\"image\" class=\"fg-thumb\"><span class=\"fg-image-wrap\"><img decoding=\"async\" width=\"200\" height=\"200\" class=\"skip-lazy fg-image\" data-src-fg=\"https:\/\/ffpanimale.fr\/wp-content\/uploads\/cache\/2024\/07\/Capture-decran_13-7-2024_12577_sites_google_com_\/3468168968.jpeg\" src=\"data:image\/svg+xml,%3Csvg%20xmlns%3D%22http%3A%2F%2Fwww.w3.org%2F2000%2Fsvg%22%20width%3D%22200%22%20height%3D%22200%22%20viewBox%3D%220%200%20200%20200%22%3E%3C%2Fsvg%3E\" loading=\"eager\"><\/span><span class=\"fg-image-overlay\"><\/span><\/a><\/figure><div class=\"fg-loader\"><\/div><\/div><div class=\"fg-item fg-type-image fg-idle\"><figure class=\"fg-item-inner\"><a href=\"https:\/\/ffpanimale.fr\/wp-content\/uploads\/2024\/07\/Capture-decran_13-7-2024_13513_sites.google.com_.jpeg\" data-attachment-id=\"13712\" data-type=\"image\" class=\"fg-thumb\"><span class=\"fg-image-wrap\"><img decoding=\"async\" width=\"200\" height=\"200\" class=\"skip-lazy fg-image\" data-src-fg=\"https:\/\/ffpanimale.fr\/wp-content\/uploads\/cache\/2024\/07\/Capture-decran_13-7-2024_13513_sites_google_com_\/2461452681.jpeg\" src=\"data:image\/svg+xml,%3Csvg%20xmlns%3D%22http%3A%2F%2Fwww.w3.org%2F2000%2Fsvg%22%20width%3D%22200%22%20height%3D%22200%22%20viewBox%3D%220%200%20200%20200%22%3E%3C%2Fsvg%3E\" loading=\"eager\"><\/span><span class=\"fg-image-overlay\"><\/span><\/a><\/figure><div class=\"fg-loader\"><\/div><\/div>\t<\/div>\n\t<div class=\"fg-carousel-bottom\"><\/div>\n\t<div class=\"fg-carousel-progress\"><\/div>\n\t<button type=\"button\" class=\"fg-carousel-next\" title=\"Suiv.\"><\/button>\n<\/div>\n\n\n<figure class=\"wp-block-embed is-type-video is-provider-dailymotion wp-block-embed-dailymotion wp-embed-aspect-9-16 wp-has-aspect-ratio\"><div class=\"wp-block-embed__wrapper\">\n<iframe loading=\"lazy\" title=\"CVSB Dis non aux abandons\" frameborder=\"0\" width=\"562\" height=\"1000\" src=\"https:\/\/geo.dailymotion.com\/player.html?video=x9238su&#038;\" allowfullscreen allow=\"autoplay; fullscreen; picture-in-picture; web-share\"><\/iframe>\n<\/div><figcaption class=\"wp-element-caption\">CVSB Dis non aux abandons<\/figcaption><\/figure>\n\n\n\n<blockquote class=\"wp-block-quote is-layout-flow wp-block-quote-is-layout-flow\">\n<h1 class=\"wp-block-heading\" id=\"h.qvz74ny770r4\">CVSB<\/h1>\n\n\n\n<h2 class=\"wp-block-heading\" id=\"h.9kyx9kdwkyay\">Refuge animalier<\/h2>\n\n\n\n<h2 class=\"wp-block-heading\" id=\"h.k2rw8u4jb70k_l\"><strong>A propos de nous<\/strong><\/h2>\n\n\n\n<p>CVSB refuge animalier est une association de protection animale situ\u00e9e en Haute-Sa\u00f4ne, en Bourgogne-Franche-Comt\u00e9. Notre mission est de secourir, soigner et trouver des foyers aimants pour les animaux abandonn\u00e9s ou maltrait\u00e9s. Nous travaillons avec d\u00e9vouement pour assurer le bien-\u00eatre et la s\u00e9curit\u00e9 de chaque animal qui passe par notre refuge. Rejoignez-nous dans notre lutte pour offrir une seconde chance \u00e0 nos amis \u00e0 quatre pattes.&nbsp;<\/p>\n\n\n\n<p>Notre pr\u00e9sident d&rsquo;association, est un passionn\u00e9 d&rsquo;animaux, il en a d&rsquo;ailleurs fait son m\u00e9tier. Attentif au bien-\u00eatre animal, il est titulaire de l&rsquo;ACACED, certification qui atteste de ses capacit\u00e9s.&nbsp;<\/p>\n\n\n\n<p><strong>Faites nous confiance pour l&rsquo;adoption de votre nouvel animal de compagnie.<\/strong><\/p>\n<\/blockquote>\n\n\n\n<div class=\"wp-block-media-text is-stacked-on-mobile\"><figure class=\"wp-block-media-text__media\"><a href=\"https:\/\/www.helloasso.com\/associations\/cvsb-refuge-animalier\" target=\"_blank\" rel=\"noreferrer noopener\"><img data-recalc-dims=\"1\" loading=\"lazy\" decoding=\"async\" width=\"460\" height=\"235\" src=\"https:\/\/i0.wp.com\/ffpanimale.fr\/wp-content\/uploads\/2024\/07\/Capture-decran_13-7-2024_13513_sites.google.com_.jpeg?resize=460%2C235&#038;ssl=1\" alt=\"\" class=\"wp-image-13712 size-full\" srcset=\"https:\/\/i0.wp.com\/ffpanimale.fr\/wp-content\/uploads\/2024\/07\/Capture-decran_13-7-2024_13513_sites.google.com_.jpeg?w=460&amp;ssl=1 460w, https:\/\/i0.wp.com\/ffpanimale.fr\/wp-content\/uploads\/2024\/07\/Capture-decran_13-7-2024_13513_sites.google.com_.jpeg?resize=300%2C153&amp;ssl=1 300w\" sizes=\"auto, (max-width: 460px) 100vw, 460px\" \/><\/a><\/figure><div class=\"wp-block-media-text__content\">\n<blockquote class=\"wp-block-quote is-layout-flow wp-block-quote-is-layout-flow\">\n<h1 class=\"wp-block-heading\" id=\"h.n0l44kessy9j_l\">Adoptez ou parrainez un compagnon fid\u00e8le&nbsp; Adh\u00e9rez \u00e0 notre association et soutenez-nous<\/h1>\n\n\n\n<p>Offrez une seconde chance \u00e0 un animal abandonn\u00e9. Adoptez aujourd&rsquo;hui et donnez de l&rsquo;amour \u00e0 un refuge animalier.<\/p>\n<cite><a href=\"https:\/\/sites.google.com\/view\/cvsb-refuge-animalier\/accueil\" target=\"_blank\" rel=\"noreferrer noopener\">CVSB Refuge Animalier<\/a><\/cite><\/blockquote>\n<\/div><\/div>\n","protected":false},"excerpt":{"rendered":"<p>CVSB Refuge animalier A propos de nous CVSB refuge animalier est une association de protection animale situ\u00e9e en Haute-Sa\u00f4ne, en Bourgogne-Franche-Comt\u00e9. Notre mission est de secourir, soigner et trouver des [&hellip;]<\/p>\n","protected":false},"author":2,"featured_media":0,"parent":0,"menu_order":0,"comment_status":"closed","ping_status":"closed","template":"","meta":{"jetpack_post_was_ever_published":false,"footnotes":""},"class_list":["post-13675","page","type-page","status-publish","hentry"],"jetpack-related-posts":[],"jetpack_sharing_enabled":true,"_links":{"self":[{"href":"https:\/\/ffpanimale.fr\/index.php?rest_route=\/wp\/v2\/pages\/13675","targetHints":{"allow":["GET"]}}],"collection":[{"href":"https:\/\/ffpanimale.fr\/index.php?rest_route=\/wp\/v2\/pages"}],"about":[{"href":"https:\/\/ffpanimale.fr\/index.php?rest_route=\/wp\/v2\/types\/page"}],"author":[{"embeddable":true,"href":"https:\/\/ffpanimale.fr\/index.php?rest_route=\/wp\/v2\/users\/2"}],"replies":[{"embeddable":true,"href":"https:\/\/ffpanimale.fr\/index.php?rest_route=%2Fwp%2Fv2%2Fcomments&post=13675"}],"version-history":[{"count":4,"href":"https:\/\/ffpanimale.fr\/index.php?rest_route=\/wp\/v2\/pages\/13675\/revisions"}],"predecessor-version":[{"id":13716,"href":"https:\/\/ffpanimale.fr\/index.php?rest_route=\/wp\/v2\/pages\/13675\/revisions\/13716"}],"wp:attachment":[{"href":"https:\/\/ffpanimale.fr\/index.php?rest_route=%2Fwp%2Fv2%2Fmedia&parent=13675"}],"curies":[{"name":"wp","href":"https:\/\/api.w.org\/{rel}","templated":true}]}}