{"id":12629,"date":"2022-12-17T21:08:21","date_gmt":"2022-12-17T20:08:21","guid":{"rendered":"https:\/\/ffpanimale.fr\/?page_id=12629"},"modified":"2026-01-02T13:48:00","modified_gmt":"2026-01-02T12:48:00","slug":"espace-e-boutique","status":"publish","type":"page","link":"https:\/\/ffpanimale.fr\/?page_id=12629","title":{"rendered":"Espace E-Boutique"},"content":{"rendered":"\n<figure class=\"wp-block-image size-large is-style-rounded\"><a href=\"https:\/\/www.helloasso.com\/associations\/federation-francaise-de-la-protection-animale\/boutiques\/eboutique-solidaire\" target=\"_blank\" rel=\"noreferrer noopener\"><img data-recalc-dims=\"1\" loading=\"lazy\" decoding=\"async\" width=\"810\" height=\"128\" src=\"https:\/\/i0.wp.com\/ffpanimale.fr\/wp-content\/uploads\/2023\/08\/Screenshot-2023-08-31-at-14-41-50-Eboutique-solidaire-FEDERATION-FRANCAISE-DE-LA-PROTECTION-ANIMALE.png?resize=810%2C128&#038;ssl=1\" alt=\"\" class=\"wp-image-12956\" srcset=\"https:\/\/i0.wp.com\/ffpanimale.fr\/wp-content\/uploads\/2023\/08\/Screenshot-2023-08-31-at-14-41-50-Eboutique-solidaire-FEDERATION-FRANCAISE-DE-LA-PROTECTION-ANIMALE.png?resize=1024%2C162&amp;ssl=1 1024w, https:\/\/i0.wp.com\/ffpanimale.fr\/wp-content\/uploads\/2023\/08\/Screenshot-2023-08-31-at-14-41-50-Eboutique-solidaire-FEDERATION-FRANCAISE-DE-LA-PROTECTION-ANIMALE.png?resize=300%2C47&amp;ssl=1 300w, https:\/\/i0.wp.com\/ffpanimale.fr\/wp-content\/uploads\/2023\/08\/Screenshot-2023-08-31-at-14-41-50-Eboutique-solidaire-FEDERATION-FRANCAISE-DE-LA-PROTECTION-ANIMALE.png?resize=768%2C121&amp;ssl=1 768w, https:\/\/i0.wp.com\/ffpanimale.fr\/wp-content\/uploads\/2023\/08\/Screenshot-2023-08-31-at-14-41-50-Eboutique-solidaire-FEDERATION-FRANCAISE-DE-LA-PROTECTION-ANIMALE.png?resize=1536%2C243&amp;ssl=1 1536w, https:\/\/i0.wp.com\/ffpanimale.fr\/wp-content\/uploads\/2023\/08\/Screenshot-2023-08-31-at-14-41-50-Eboutique-solidaire-FEDERATION-FRANCAISE-DE-LA-PROTECTION-ANIMALE.png?resize=1320%2C208&amp;ssl=1 1320w, https:\/\/i0.wp.com\/ffpanimale.fr\/wp-content\/uploads\/2023\/08\/Screenshot-2023-08-31-at-14-41-50-Eboutique-solidaire-FEDERATION-FRANCAISE-DE-LA-PROTECTION-ANIMALE.png?w=1583&amp;ssl=1 1583w\" sizes=\"auto, (max-width: 810px) 100vw, 810px\" \/><\/a><\/figure>\n\n\n\n<hr class=\"wp-block-separator has-alpha-channel-opacity\"\/>\n\n\n\n<blockquote class=\"wp-block-quote is-layout-flow wp-block-quote-is-layout-flow\">\n<p class=\"has-text-align-center has-small-font-size\" style=\"line-height:1.6\"><strong>FFPAnimale E-Boutique Solidaire<\/strong><\/p>\n\n\n\n<p class=\"has-text-align-center has-small-font-size\" style=\"line-height:1.6\">Les aider c&rsquo;est nous aider. Visitez et effectuer vos achats de fa\u00e7on solidaire.<\/p>\n<\/blockquote>\n\n\n\n<hr class=\"wp-block-separator has-alpha-channel-opacity\"\/>\n\n\n<div class=\"wp-block-image\">\n<figure class=\"aligncenter size-large is-resized\"><img data-recalc-dims=\"1\" loading=\"lazy\" decoding=\"async\" width=\"724\" height=\"1024\" src=\"https:\/\/i0.wp.com\/ffpanimale.fr\/wp-content\/uploads\/2023\/09\/E-Boutique-Solidaire-.jpg?resize=724%2C1024&#038;ssl=1\" alt=\"\" class=\"wp-image-13272\" style=\"aspect-ratio:0.7070572046392766;width:202px;height:auto\" srcset=\"https:\/\/i0.wp.com\/ffpanimale.fr\/wp-content\/uploads\/2023\/09\/E-Boutique-Solidaire-.jpg?resize=724%2C1024&amp;ssl=1 724w, https:\/\/i0.wp.com\/ffpanimale.fr\/wp-content\/uploads\/2023\/09\/E-Boutique-Solidaire-.jpg?resize=212%2C300&amp;ssl=1 212w, https:\/\/i0.wp.com\/ffpanimale.fr\/wp-content\/uploads\/2023\/09\/E-Boutique-Solidaire-.jpg?resize=768%2C1086&amp;ssl=1 768w, https:\/\/i0.wp.com\/ffpanimale.fr\/wp-content\/uploads\/2023\/09\/E-Boutique-Solidaire-.jpg?resize=1086%2C1536&amp;ssl=1 1086w, https:\/\/i0.wp.com\/ffpanimale.fr\/wp-content\/uploads\/2023\/09\/E-Boutique-Solidaire-.jpg?resize=1320%2C1867&amp;ssl=1 1320w, https:\/\/i0.wp.com\/ffpanimale.fr\/wp-content\/uploads\/2023\/09\/E-Boutique-Solidaire-.jpg?w=1414&amp;ssl=1 1414w\" sizes=\"auto, (max-width: 724px) 100vw, 724px\" \/><\/figure>\n<\/div>\n\n\n<hr class=\"wp-block-separator has-alpha-channel-opacity\"\/>\n\n\n\n<iframe id=\"haWidget\" allowtransparency=\"true\" src=\"https:\/\/www.helloasso.com\/associations\/federation-francaise-de-la-protection-animale\/boutiques\/eboutique-solidaire\/widget-vignette\" style=\"width:350px;border:none;\" onload=\"window.addEventListener( 'message', function(e) { const dataHeight = e.data.height; const haWidgetElement = document.getElementById('haWidget'); haWidgetElement.height = dataHeight + 'px'; } )\"><\/iframe>\n\n\n\n<hr class=\"wp-block-separator has-alpha-channel-opacity\"\/>\n\n\n\n<div class=\"wp-block-columns alignwide is-layout-flex wp-container-core-columns-is-layout-9d6595d7 wp-block-columns-is-layout-flex\">\n<div class=\"wp-block-column has-text-color has-background has-link-color wp-elements-4c398e6ff71202860f29aa6adb1fff13 is-layout-flow wp-block-column-is-layout-flow\" style=\"color:#000000;background:linear-gradient(135deg,rgb(255,245,203) 0%,rgb(182,227,212) 23%,rgb(51,167,181) 100%);padding-top:2em;padding-right:2em;padding-bottom:2em;padding-left:2em\">\n<h2 class=\"wp-block-heading\" id=\"patron\" style=\"font-size:40px\"><strong>Conditions G\u00e9n\u00e9rales de Vente<\/strong><\/h2>\n\n\n\n<ul class=\"wp-block-list\">\n<li>Nos C.G.V.<\/li>\n\n\n\n<li><strong>Contact<\/strong> s\u00e9lectionnez le <strong>P\u00f4le Boutique<\/strong> depuis notre <a href=\"https:\/\/ffpanimale.fr\/contact\/\" target=\"_blank\" rel=\"noreferrer noopener\">formulaire de contact<\/a><\/li>\n\n\n\n<li>Quatre laissez-passer \u00e0 usage unique par an<\/li>\n<\/ul>\n\n\n\n<div class=\"wp-block-buttons alignfull is-horizontal is-content-justification-center is-layout-flex wp-container-core-buttons-is-layout-499968f5 wp-block-buttons-is-layout-flex\">\n<div class=\"wp-block-button has-custom-width wp-block-button__width-100\"><a class=\"wp-block-button__link has-white-color has-midnight-gradient-background has-text-color has-background no-border-radius wp-element-button\" href=\"https:\/\/ffpanimale.fr\/wp-content\/uploads\/2023\/01\/CGV-A-jour.pdf\" target=\"_blank\" rel=\"noreferrer noopener\">Conditions G\u00e9n\u00e9rales de Ventes<\/a><\/div>\n<\/div>\n<\/div>\n<\/div>\n\n\n\n<hr class=\"wp-block-separator has-alpha-channel-opacity\"\/>\n","protected":false},"excerpt":{"rendered":"<p>FFPAnimale E-Boutique Solidaire Les aider c&rsquo;est nous aider. Visitez et effectuer vos achats de fa\u00e7on solidaire. Conditions G\u00e9n\u00e9rales de Vente<\/p>\n","protected":false},"author":2,"featured_media":13117,"parent":0,"menu_order":0,"comment_status":"closed","ping_status":"closed","template":"","meta":{"jetpack_post_was_ever_published":false,"footnotes":""},"class_list":["post-12629","page","type-page","status-publish","has-post-thumbnail","hentry"],"jetpack-related-posts":[],"jetpack_sharing_enabled":true,"_links":{"self":[{"href":"https:\/\/ffpanimale.fr\/index.php?rest_route=\/wp\/v2\/pages\/12629","targetHints":{"allow":["GET"]}}],"collection":[{"href":"https:\/\/ffpanimale.fr\/index.php?rest_route=\/wp\/v2\/pages"}],"about":[{"href":"https:\/\/ffpanimale.fr\/index.php?rest_route=\/wp\/v2\/types\/page"}],"author":[{"embeddable":true,"href":"https:\/\/ffpanimale.fr\/index.php?rest_route=\/wp\/v2\/users\/2"}],"replies":[{"embeddable":true,"href":"https:\/\/ffpanimale.fr\/index.php?rest_route=%2Fwp%2Fv2%2Fcomments&post=12629"}],"version-history":[{"count":8,"href":"https:\/\/ffpanimale.fr\/index.php?rest_route=\/wp\/v2\/pages\/12629\/revisions"}],"predecessor-version":[{"id":14600,"href":"https:\/\/ffpanimale.fr\/index.php?rest_route=\/wp\/v2\/pages\/12629\/revisions\/14600"}],"wp:featuredmedia":[{"embeddable":true,"href":"https:\/\/ffpanimale.fr\/index.php?rest_route=\/wp\/v2\/media\/13117"}],"wp:attachment":[{"href":"https:\/\/ffpanimale.fr\/index.php?rest_route=%2Fwp%2Fv2%2Fmedia&parent=12629"}],"curies":[{"name":"wp","href":"https:\/\/api.w.org\/{rel}","templated":true}]}}